{"id":40765,"date":"2024-10-08T14:22:13","date_gmt":"2024-10-08T14:22:13","guid":{"rendered":"https:\/\/nuclearelectrica.ro\/snn\/?page_id=40765"},"modified":"2024-11-13T16:52:37","modified_gmt":"2024-11-13T16:52:37","slug":"proiect-izotopi-medicali","status":"publish","type":"page","link":"https:\/\/nuclearelectrica.ro\/snn\/proiecte-de-investitii\/proiect-izotopi-medicali\/","title":{"rendered":"Proiect izotopi medicali"},"content":{"rendered":"\t\t<div data-elementor-type=\"wp-page\" data-elementor-id=\"40765\" class=\"elementor elementor-40765\">\n\t\t\t\t\t\t<section class=\"elementor-section elementor-top-section elementor-element elementor-element-64d85b7 elementor-section-full_width elementor-section-height-default elementor-section-height-default\" data-id=\"64d85b7\" data-element_type=\"section\">\n\t\t\t\t\t\t<div class=\"elementor-container elementor-column-gap-default\">\n\t\t\t\t\t<div class=\"elementor-column elementor-col-100 elementor-top-column elementor-element elementor-element-7804fea top column-style-top\" data-id=\"7804fea\" data-element_type=\"column\">\n\t\t\t<div class=\"elementor-widget-wrap elementor-element-populated\">\n\t\t\t\t\t\t<div class=\"elementor-element elementor-element-1b07b80 elementor-widget elementor-widget-image\" data-id=\"1b07b80\" data-element_type=\"widget\" data-widget_type=\"image.default\">\n\t\t\t\t<div class=\"elementor-widget-container\">\n\t\t\t\t\t\t\t\t\t\t\t\t\t\t\t<img fetchpriority=\"high\" decoding=\"async\" width=\"1920\" height=\"283\" src=\"https:\/\/nuclearelectrica.ro\/snn\/wp-content\/uploads\/sites\/2\/2024\/11\/SNN_ptSITE_pagini-SNN_PROIECTE_benzi_izotopi_20241031.jpg\" class=\"attachment-full size-full wp-image-41400\" alt=\"\" srcset=\"https:\/\/nuclearelectrica.ro\/snn\/wp-content\/uploads\/sites\/2\/2024\/11\/SNN_ptSITE_pagini-SNN_PROIECTE_benzi_izotopi_20241031.jpg 1920w, https:\/\/nuclearelectrica.ro\/snn\/wp-content\/uploads\/sites\/2\/2024\/11\/SNN_ptSITE_pagini-SNN_PROIECTE_benzi_izotopi_20241031-1024x151.jpg 1024w, https:\/\/nuclearelectrica.ro\/snn\/wp-content\/uploads\/sites\/2\/2024\/11\/SNN_ptSITE_pagini-SNN_PROIECTE_benzi_izotopi_20241031-768x113.jpg 768w, https:\/\/nuclearelectrica.ro\/snn\/wp-content\/uploads\/sites\/2\/2024\/11\/SNN_ptSITE_pagini-SNN_PROIECTE_benzi_izotopi_20241031-600x88.jpg 600w\" sizes=\"(max-width: 1920px) 100vw, 1920px\" \/>\t\t\t\t\t\t\t\t\t\t\t\t\t\t\t<\/div>\n\t\t\t\t<\/div>\n\t\t\t\t<section class=\"elementor-section elementor-inner-section elementor-element elementor-element-ad184b9 relative elementor-section-boxed elementor-section-height-default elementor-section-height-default\" data-id=\"ad184b9\" data-element_type=\"section\">\n\t\t\t\t\t\t<div class=\"elementor-container elementor-column-gap-default\">\n\t\t\t\t\t<div class=\"elementor-column elementor-col-100 elementor-inner-column elementor-element elementor-element-3a84631 elementor-container top column-style-top\" data-id=\"3a84631\" data-element_type=\"column\">\n\t\t\t<div class=\"elementor-widget-wrap elementor-element-populated\">\n\t\t\t\t\t\t<div class=\"elementor-element elementor-element-382e895 elementor-widget__width-initial elementor-widget elementor-widget-heading\" data-id=\"382e895\" data-element_type=\"widget\" data-widget_type=\"heading.default\">\n\t\t\t\t<div class=\"elementor-widget-container\">\n\t\t\t\t\t<h1 class=\"elementor-heading-title elementor-size-default\">Proiectul izotopi medicali <\/h1>\t\t\t\t<\/div>\n\t\t\t\t<\/div>\n\t\t\t\t\t<\/div>\n\t\t<\/div>\n\t\t\t\t\t<\/div>\n\t\t<\/section>\n\t\t\t\t\t<\/div>\n\t\t<\/div>\n\t\t\t\t\t<\/div>\n\t\t<\/section>\n\t\t\t\t<section class=\"elementor-section elementor-top-section elementor-element elementor-element-3cd676d elementor-section-boxed elementor-section-height-default elementor-section-height-default\" data-id=\"3cd676d\" data-element_type=\"section\">\n\t\t\t\t\t\t<div class=\"elementor-container elementor-column-gap-default\">\n\t\t\t\t\t<div class=\"elementor-column elementor-col-100 elementor-top-column elementor-element elementor-element-203386c top column-style-top\" data-id=\"203386c\" data-element_type=\"column\">\n\t\t\t<div class=\"elementor-widget-wrap elementor-element-populated\">\n\t\t\t\t\t\t<div class=\"elementor-element elementor-element-46d3a89 elementor-widget elementor-widget-text-editor\" data-id=\"46d3a89\" data-element_type=\"widget\" data-widget_type=\"text-editor.default\">\n\t\t\t\t<div class=\"elementor-widget-container\">\n\t\t\t\t\t\t\t\t\t<h3>Proiectul izotopi medicali<\/h3><p>Nuclearelectrica a lansat un proiect strategic pentru dezvoltarea \u0219i produc\u021bia de izotopi medicali la centrala nuclear\u0103 de la Cernavod\u0103, un proiect esen\u021bial \u00een sprijinirea industriei de s\u0103n\u0103tate \u0219i combaterea unor boli precum cancerul. Acest demers implic\u0103 parteneriate cu companii interna\u021bionale de renume, precum <strong>Laurentis Energy Partners<\/strong>, filial\u0103 a Ontario Power Generation, \u0219i <strong>Framatome<\/strong>, pentru a aduce inova\u021bii \u00een produc\u021bia de radioizotopi utiliza\u021bi \u00een tratamente medicale avansate.<\/p><h3><strong>Obiectivele Proiectului<\/strong><\/h3><p>Proiectul are ca scop producerea de izotopi medicali, precum <strong>Lutetium-177<\/strong>, utilizat pentru tratamente oncologice. Design-ul unic al reactoarelor <strong>CANDU<\/strong> permite producerea de izotopi f\u0103r\u0103 a afecta produc\u021bia de energie electric\u0103, ceea ce face ca centrala de la Cernavod\u0103 s\u0103 fie o loca\u021bie ideal\u0103 pentru acest tip de activitate. Radioizotopii produ\u0219i vor fi utiliza\u021bi at\u00e2t \u00een tratamente terapeutice, c\u00e2t \u0219i \u00een imagistica medical\u0103 de diagnostic.<\/p><h3><strong>Colabor\u0103ri Interna\u021bionale<\/strong><\/h3><ul><li><strong>Laurentis Energy Partners<\/strong>: Are o prezen\u021b\u0103 consolidat\u0103 \u00een Rom\u00e2nia \u0219i ofer\u0103 expertiz\u0103 \u00een produc\u021bia de izotopi nucleari, av\u00e2nd deja succes \u00een produc\u021bia de molibden-99, heliu-3, cobalt-60 \u0219i tritiu \u00een alte centrale nucleare. Laurentis \u0219i Nuclearelectrica vor colabora pentru extinderea acestei produc\u021bii la Cernavod\u0103, cu planuri de a dezvolta infrastructura \u0219i capacitatea Rom\u00e2niei de a deveni un centru regional pentru izotopi medicali.<\/li><li><strong>Framatome<\/strong>: Parteneriatul cu Framatome va sprijini produc\u021bia de Lutetium-177, radioizotop utilizat pentru tratarea cancerului, consolid\u00e2nd astfel contribu\u021bia Rom\u00e2niei la domeniul medicinei nucleare globale.<\/li><\/ul><h3><strong>Beneficii \u0219i Impact<\/strong><\/h3><p>Acest proiect nu doar c\u0103 va sus\u021bine tratarea unor boli grave precum cancerul, dar va pozi\u021biona Rom\u00e2nia ca lider \u00een produc\u021bia de izotopi medicali \u00een Europa. \u00cen plus, va contribui la crearea de locuri de munc\u0103 \u00eenalt calificate \u0219i la consolidarea industriei nucleare \u0219i medicale a \u021b\u0103rii. Prin utilizarea reactoarelor CANDU, Nuclearelectrica poate produce izotopi f\u0103r\u0103 a \u00eentrerupe produc\u021bia de energie, f\u0103c\u00e2nd procesul eficient \u0219i sustenabil din punct de vedere economic \u0219i ecologic.<\/p><p>Proiectul se aliniaz\u0103 cu strategia Nuclearelectrica de a sprijini obiectivele Rom\u00e2niei privind securitatea energetic\u0103, tranzi\u021bia c\u0103tre energie curat\u0103 \u0219i sus\u021binerea s\u0103n\u0103t\u0103\u021bii publice prin solu\u021bii nucleare inovatoare.<\/p>\t\t\t\t\t\t\t\t<\/div>\n\t\t\t\t<\/div>\n\t\t\t\t\t<\/div>\n\t\t<\/div>\n\t\t\t\t\t<\/div>\n\t\t<\/section>\n\t\t\t\t<\/div>\n\t\t","protected":false},"excerpt":{"rendered":"<p>Proiectul izotopi medicali Proiectul izotopi medicali Nuclearelectrica a lansat un proiect strategic pentru dezvoltarea \u0219i produc\u021bia de izotopi medicali la centrala nuclear\u0103 de la Cernavod\u0103, un proiect esen\u021bial \u00een sprijinirea industriei de s\u0103n\u0103tate \u0219i combaterea unor boli precum cancerul. Acest demers implic\u0103 parteneriate cu companii interna\u021bionale de renume, precum Laurentis Energy Partners, filial\u0103 a Ontario [&hellip;]<\/p>\n","protected":false},"author":2,"featured_media":0,"parent":40806,"menu_order":0,"comment_status":"closed","ping_status":"closed","template":"","meta":{"footnotes":""},"class_list":["post-40765","page","type-page","status-publish","hentry"],"_links":{"self":[{"href":"https:\/\/nuclearelectrica.ro\/snn\/wp-json\/wp\/v2\/pages\/40765","targetHints":{"allow":["GET"]}}],"collection":[{"href":"https:\/\/nuclearelectrica.ro\/snn\/wp-json\/wp\/v2\/pages"}],"about":[{"href":"https:\/\/nuclearelectrica.ro\/snn\/wp-json\/wp\/v2\/types\/page"}],"author":[{"embeddable":true,"href":"https:\/\/nuclearelectrica.ro\/snn\/wp-json\/wp\/v2\/users\/2"}],"replies":[{"embeddable":true,"href":"https:\/\/nuclearelectrica.ro\/snn\/wp-json\/wp\/v2\/comments?post=40765"}],"version-history":[{"count":13,"href":"https:\/\/nuclearelectrica.ro\/snn\/wp-json\/wp\/v2\/pages\/40765\/revisions"}],"predecessor-version":[{"id":41403,"href":"https:\/\/nuclearelectrica.ro\/snn\/wp-json\/wp\/v2\/pages\/40765\/revisions\/41403"}],"up":[{"embeddable":true,"href":"https:\/\/nuclearelectrica.ro\/snn\/wp-json\/wp\/v2\/pages\/40806"}],"wp:attachment":[{"href":"https:\/\/nuclearelectrica.ro\/snn\/wp-json\/wp\/v2\/media?parent=40765"}],"curies":[{"name":"wp","href":"https:\/\/api.w.org\/{rel}","templated":true}]}}