{"id":41247,"date":"2024-10-29T15:33:41","date_gmt":"2024-10-29T15:33:41","guid":{"rendered":"https:\/\/nuclearelectrica.ro\/snn\/?page_id=41247"},"modified":"2025-05-19T10:08:29","modified_gmt":"2025-05-19T10:08:29","slug":"csr3","status":"publish","type":"page","link":"https:\/\/nuclearelectrica.ro\/snn\/despre-noi\/csr\/csr3\/","title":{"rendered":"CSR"},"content":{"rendered":"\t\t<div data-elementor-type=\"wp-page\" data-elementor-id=\"41247\" class=\"elementor elementor-41247\">\n\t\t\t\t\t\t<section class=\"elementor-section elementor-top-section elementor-element elementor-element-131c4f4 elementor-section-full_width elementor-section-height-default elementor-section-height-default\" data-id=\"131c4f4\" data-element_type=\"section\">\n\t\t\t\t\t\t<div class=\"elementor-container elementor-column-gap-default\">\n\t\t\t\t\t<div class=\"elementor-column elementor-col-100 elementor-top-column elementor-element elementor-element-d6f2a99 top column-style-top\" data-id=\"d6f2a99\" data-element_type=\"column\">\n\t\t\t<div class=\"elementor-widget-wrap elementor-element-populated\">\n\t\t\t\t\t\t<div class=\"elementor-element elementor-element-5243b33 elementor-widget elementor-widget-image\" data-id=\"5243b33\" data-element_type=\"widget\" data-widget_type=\"image.default\">\n\t\t\t\t<div class=\"elementor-widget-container\">\n\t\t\t\t\t\t\t\t\t\t\t\t\t\t\t<img fetchpriority=\"high\" decoding=\"async\" width=\"1920\" height=\"283\" src=\"https:\/\/nuclearelectrica.ro\/snn\/wp-content\/uploads\/sites\/2\/2024\/10\/SNN_ptSITE_continuare_banda_Nucleu-de-bine_20241029.jpg\" class=\"attachment-full size-full wp-image-41275\" alt=\"\" srcset=\"https:\/\/nuclearelectrica.ro\/snn\/wp-content\/uploads\/sites\/2\/2024\/10\/SNN_ptSITE_continuare_banda_Nucleu-de-bine_20241029.jpg 1920w, https:\/\/nuclearelectrica.ro\/snn\/wp-content\/uploads\/sites\/2\/2024\/10\/SNN_ptSITE_continuare_banda_Nucleu-de-bine_20241029-1024x151.jpg 1024w, https:\/\/nuclearelectrica.ro\/snn\/wp-content\/uploads\/sites\/2\/2024\/10\/SNN_ptSITE_continuare_banda_Nucleu-de-bine_20241029-768x113.jpg 768w, https:\/\/nuclearelectrica.ro\/snn\/wp-content\/uploads\/sites\/2\/2024\/10\/SNN_ptSITE_continuare_banda_Nucleu-de-bine_20241029-600x88.jpg 600w\" sizes=\"(max-width: 1920px) 100vw, 1920px\" \/>\t\t\t\t\t\t\t\t\t\t\t\t\t\t\t<\/div>\n\t\t\t\t<\/div>\n\t\t\t\t<section class=\"elementor-section elementor-inner-section elementor-element elementor-element-88efabd relative elementor-section-boxed elementor-section-height-default elementor-section-height-default\" data-id=\"88efabd\" data-element_type=\"section\">\n\t\t\t\t\t\t<div class=\"elementor-container elementor-column-gap-default\">\n\t\t\t\t\t<div class=\"elementor-column elementor-col-100 elementor-inner-column elementor-element elementor-element-1c152cd elementor-container top column-style-top\" data-id=\"1c152cd\" data-element_type=\"column\">\n\t\t\t<div class=\"elementor-widget-wrap elementor-element-populated\">\n\t\t\t\t\t\t<div class=\"elementor-element elementor-element-4dbf8f3 elementor-widget__width-initial elementor-widget elementor-widget-heading\" data-id=\"4dbf8f3\" data-element_type=\"widget\" data-widget_type=\"heading.default\">\n\t\t\t\t<div class=\"elementor-widget-container\">\n\t\t\t\t\t<h1 class=\"elementor-heading-title elementor-size-default\">Nucleu de bine<\/h1>\t\t\t\t<\/div>\n\t\t\t\t<\/div>\n\t\t\t\t\t<\/div>\n\t\t<\/div>\n\t\t\t\t\t<\/div>\n\t\t<\/section>\n\t\t\t\t\t<\/div>\n\t\t<\/div>\n\t\t\t\t\t<\/div>\n\t\t<\/section>\n\t\t\t\t<section class=\"elementor-section elementor-top-section elementor-element elementor-element-06bfcf6 elementor-section-boxed elementor-section-height-default elementor-section-height-default\" data-id=\"06bfcf6\" data-element_type=\"section\">\n\t\t\t\t\t\t<div class=\"elementor-container elementor-column-gap-default\">\n\t\t\t\t\t<div class=\"elementor-column elementor-col-100 elementor-top-column elementor-element elementor-element-f3ec35e top column-style-top\" data-id=\"f3ec35e\" data-element_type=\"column\">\n\t\t\t<div class=\"elementor-widget-wrap elementor-element-populated\">\n\t\t\t\t\t\t<div class=\"elementor-element elementor-element-15af5bc elementor-widget elementor-widget-text-editor\" data-id=\"15af5bc\" data-element_type=\"widget\" data-widget_type=\"text-editor.default\">\n\t\t\t\t<div class=\"elementor-widget-container\">\n\t\t\t\t\t\t\t\t\t<h1>Nucleu de bine &#8211; <span style=\"color: #cd1e28\">SNN<\/span><\/h1><div><h5><span style=\"color: #00000\">Construim un viitor durabil pentru genera\u021bia de m\u00e2ine.<\/span><\/h5><\/div><p>Platforma de responsabilitate sociala\u00a0<strong>\u201cNucleu de bine\u201d\u00a0<\/strong>urmeaza directiile strategice si viziunea companiei de a construi un viitor durabil pentru generatia viitoare, prin proiectele majore de investitii pe care le deruleaza, care vor creste semnificativ impactul pozitiv al companiei in Romania si la nivel regional, prin echipa care lucreaza la cele mai inalte standarde de excelenta profesionala, siguranta si securitate nucleara, prin grija fata de angajati, responsabilitatea fata de mediu si empatia fata de comunitatile care au nevoie de sprijin.<\/p><p><em>\u201eRomania are nevoie de un Nucleu de Bine. Suntem angajati sa contribuim la securitatea energetica a tarii noastre prin livrarea de energie curata, in banda, stabila si accesibila. De la punerea in functiune a Unitatilor 1 si 2 de la CNE Cernavoda, la nivelul sfarsitului anului 2023, am produs 225 mil MWh energie curata si am evitat eliberarea in atmosfera a 215 milioane tone CO2. Astfel, avem un rol esential atat in asigurarea securitatii energetice, cat si in atingerea tintelor de decarbonare. Platforma Nucleu de Bine continua misiunea noastra de a genera energie curata la standarde de excelenta, in planul responsabilitatii sociale, pentru a construi un viitor durabil pentru generatia de maine.\u201d<\/em>\u00a0<br \/>\u2013 Cosmin Ghita, Director General, Nuclearelectrica.<\/p><h1><strong>Empatie si responsabilitate\u00a0<\/strong>&#8211; <span style=\"color: #cd1e28\">SNN<\/span><\/h1><p><strong>Impreuna suntem un \u201cNucleu de bine\u201d!<\/strong><\/p><p>Sustinem comunitatile in care operam! Ne aducem contributia substantiala prin proiecte de responsabilitate sociala in domeniile educatie, sanatate si social\/mediu inconjurator. Respectam principiile ESG si obiectivele de sustenabilitate ale Organizatiei Natiunilor Unite, Nuclearelectrica fiind afiliata la United Nations Global Compact incepand cu 2021.<\/p><p>Platforma\u00a0<strong>\u201cNucleu de Bine\u201d\u00a0<\/strong>inglobeaza atat initiativele de responsabilitate sociala derulate de companie, cat si proiectele pe care compania le sponsorizeaza in cadrul selectiilor de proiecte\u00a0<strong>\u201cNucleu de bine\u201d<\/strong>.<\/p><p><strong>\u201cNucleu de bine\u201d<\/strong>\u00a0vizeaza proiecte si beneficiari ale caror nevoi de finantare se incadreaza in domeniile medical, educational si mediu, avand prioritate proiecte din zonele in care compania isi desfasoara activitatea. Proiectele inscrise conform formularelor puse la dispozitie de regulametul campaniei vor fi selectate si aprobate in functie de impactul benefic pe care il pot aduce in zone cu risc crescut sau in cadrul unor grupuri de risc, pentru rezolvarea unor probleme sociale majore.<\/p><p><strong>Nuclearelectrica acorda sponsorizari pentru proiectele identificate ca fiind conforme cu directiile strategice ale companiei si cu prevederile Legii nr. 32\/ 1994 privind sponsorizarea cu incadrare in bugetul disponibil si pe baza cererilor de sponsorizare primite de companie.<\/strong><\/p><p>Pentru a aplica pentru sponsorizare, aplican\u0163ii trebuie s\u0103 completeze:<\/p><p><a href=\"https:\/\/nuclearelectrica.ro\/snn\/wp-content\/uploads\/sites\/2\/2025\/05\/F-RC-00-05-01-rev.0-Formular-solicitare-sponsorizare-donatie-mecenat-005.doc\">Formularul\u00a0 \u00a01<\/a> &#8211; Formularul \u00a0de \u00a0solicitare sponsorizare\/donatie\/mecenat (cod F\/RC-00-05\/1);<\/p><p><a href=\"https:\/\/nuclearelectrica.ro\/snn\/wp-content\/uploads\/sites\/2\/2025\/05\/F-RC-00-05-02-rev.2-Deviz-de-cheltuieli.doc\">Formularul 2<\/a> &#8211; \u00a0Devizul de Cheltuieli (cod F\/RC-00- 05\/2);<\/p><p><a href=\"https:\/\/nuclearelectrica.ro\/snn\/wp-content\/uploads\/sites\/2\/2025\/05\/F-RC-00-05-03-rev.1-Declaratie-pe-propria-raspundere-privind-neincadrarea-in-situatiile-de-excludere.doc\">Formular 3<\/a> &#8211; Declaratia pe propria raspundere privind neincadrarea in situatiile de excludere (cod F\/RC-00-05\/3), astfel:<\/p><p>-Formularul 1\u00a0 &#8211; Formular de solicitare sponsorizare\/donatie\/mecenat: prezinta in detaliu scopul proiectului, nevoia\/problema pe care o va rezolva, precum si modul in care proiectul va beneficia de vizibilitatea astfel incat sa atinga o audienta cat mai mare in randul publicului tinta sprijinit (comunicat de presa, postari periodice pe canalele sociale media etc.).<\/p><p>-La formularul de inscriere se anexeaza Formularul 2: Devizul de Cheltuieli, in forma semnata, care include categorii majore de costuri ale proiectului si perioada de derulare \u00a0a activitatilor si perioada de raportare si transmitere documente pentru plata. Perioada de derulare a activitatilor si perioada\u00a0 de raportare si transmitere a documentelor pentru plata vor respecta principiul anualitatii bugetului.<\/p><p>-Formularul 3: Declaratia pe propria raspundere privind neincadrarea in situatiile de excludere, aceasta fiind \u020bnso\u0163it\u0103 de un document care dovedeste ca beneficiarul este inscris in Registrul entitatilor\/unitatilor de cult. Declaratia este semnata de beneficiar si depusa la SNN odata cu depunerea solicitarii de sponsorizare.<\/p><p>Aplicatia continand cele 3 formulare enumerate mai sus trebuie s\u0103 fie trimis\u0103 c\u0103tre adresa: <a href=\"mailto:NucleudeBine@nuclearelectrica.ro\">NucleudeBine@nuclearelectrica.ro.<\/a><\/p>\t\t\t\t\t\t\t\t<\/div>\n\t\t\t\t<\/div>\n\t\t\t\t\t<\/div>\n\t\t<\/div>\n\t\t\t\t\t<\/div>\n\t\t<\/section>\n\t\t\t\t<\/div>\n\t\t","protected":false},"excerpt":{"rendered":"<p>Nucleu de bine Nucleu de bine &#8211; SNN Construim un viitor durabil pentru genera\u021bia de m\u00e2ine. Platforma de responsabilitate sociala\u00a0\u201cNucleu de bine\u201d\u00a0urmeaza directiile strategice si viziunea companiei de a construi un viitor durabil pentru generatia viitoare, prin proiectele majore de investitii pe care le deruleaza, care vor creste semnificativ impactul pozitiv al companiei in Romania [&hellip;]<\/p>\n","protected":false},"author":2,"featured_media":0,"parent":40843,"menu_order":0,"comment_status":"closed","ping_status":"closed","template":"","meta":{"footnotes":""},"class_list":["post-41247","page","type-page","status-publish","hentry"],"_links":{"self":[{"href":"https:\/\/nuclearelectrica.ro\/snn\/wp-json\/wp\/v2\/pages\/41247","targetHints":{"allow":["GET"]}}],"collection":[{"href":"https:\/\/nuclearelectrica.ro\/snn\/wp-json\/wp\/v2\/pages"}],"about":[{"href":"https:\/\/nuclearelectrica.ro\/snn\/wp-json\/wp\/v2\/types\/page"}],"author":[{"embeddable":true,"href":"https:\/\/nuclearelectrica.ro\/snn\/wp-json\/wp\/v2\/users\/2"}],"replies":[{"embeddable":true,"href":"https:\/\/nuclearelectrica.ro\/snn\/wp-json\/wp\/v2\/comments?post=41247"}],"version-history":[{"count":75,"href":"https:\/\/nuclearelectrica.ro\/snn\/wp-json\/wp\/v2\/pages\/41247\/revisions"}],"predecessor-version":[{"id":45990,"href":"https:\/\/nuclearelectrica.ro\/snn\/wp-json\/wp\/v2\/pages\/41247\/revisions\/45990"}],"up":[{"embeddable":true,"href":"https:\/\/nuclearelectrica.ro\/snn\/wp-json\/wp\/v2\/pages\/40843"}],"wp:attachment":[{"href":"https:\/\/nuclearelectrica.ro\/snn\/wp-json\/wp\/v2\/media?parent=41247"}],"curies":[{"name":"wp","href":"https:\/\/api.w.org\/{rel}","templated":true}]}}