{"id":44090,"date":"2024-11-21T16:10:33","date_gmt":"2024-11-21T16:10:33","guid":{"rendered":"https:\/\/nuclearelectrica.ro\/snn\/?page_id=44090"},"modified":"2024-11-26T12:35:29","modified_gmt":"2024-11-26T12:35:29","slug":"istoric","status":"publish","type":"page","link":"https:\/\/nuclearelectrica.ro\/snn\/despre-noi\/istoric\/","title":{"rendered":"Istoric"},"content":{"rendered":"\t\t<div data-elementor-type=\"wp-page\" data-elementor-id=\"44090\" class=\"elementor elementor-44090\">\n\t\t\t\t\t\t<section class=\"elementor-section elementor-top-section elementor-element elementor-element-131c4f4 elementor-section-full_width elementor-section-height-default elementor-section-height-default\" data-id=\"131c4f4\" data-element_type=\"section\">\n\t\t\t\t\t\t<div class=\"elementor-container elementor-column-gap-default\">\n\t\t\t\t\t<div class=\"elementor-column elementor-col-100 elementor-top-column elementor-element elementor-element-d6f2a99 top column-style-top\" data-id=\"d6f2a99\" data-element_type=\"column\">\n\t\t\t<div class=\"elementor-widget-wrap elementor-element-populated\">\n\t\t\t\t\t\t<div class=\"elementor-element elementor-element-5243b33 elementor-widget elementor-widget-image\" data-id=\"5243b33\" data-element_type=\"widget\" data-widget_type=\"image.default\">\n\t\t\t\t<div class=\"elementor-widget-container\">\n\t\t\t\t\t\t\t\t\t\t\t\t\t\t\t<img fetchpriority=\"high\" decoding=\"async\" width=\"1920\" height=\"284\" src=\"https:\/\/nuclearelectrica.ro\/snn\/wp-content\/uploads\/sites\/2\/2024\/10\/SNN_ptSITE_pagini-SNN_DESPRE-NOI_benzi_01-MVV_20241011.jpg\" class=\"attachment-full size-full wp-image-41027\" alt=\"\" srcset=\"https:\/\/nuclearelectrica.ro\/snn\/wp-content\/uploads\/sites\/2\/2024\/10\/SNN_ptSITE_pagini-SNN_DESPRE-NOI_benzi_01-MVV_20241011.jpg 1920w, https:\/\/nuclearelectrica.ro\/snn\/wp-content\/uploads\/sites\/2\/2024\/10\/SNN_ptSITE_pagini-SNN_DESPRE-NOI_benzi_01-MVV_20241011-1024x151.jpg 1024w, https:\/\/nuclearelectrica.ro\/snn\/wp-content\/uploads\/sites\/2\/2024\/10\/SNN_ptSITE_pagini-SNN_DESPRE-NOI_benzi_01-MVV_20241011-768x114.jpg 768w, https:\/\/nuclearelectrica.ro\/snn\/wp-content\/uploads\/sites\/2\/2024\/10\/SNN_ptSITE_pagini-SNN_DESPRE-NOI_benzi_01-MVV_20241011-600x89.jpg 600w\" sizes=\"(max-width: 1920px) 100vw, 1920px\" \/>\t\t\t\t\t\t\t\t\t\t\t\t\t\t\t<\/div>\n\t\t\t\t<\/div>\n\t\t\t\t<section class=\"elementor-section elementor-inner-section elementor-element elementor-element-88efabd relative elementor-section-boxed elementor-section-height-default elementor-section-height-default\" data-id=\"88efabd\" data-element_type=\"section\">\n\t\t\t\t\t\t<div class=\"elementor-container elementor-column-gap-default\">\n\t\t\t\t\t<div class=\"elementor-column elementor-col-100 elementor-inner-column elementor-element elementor-element-1c152cd elementor-container top column-style-top\" data-id=\"1c152cd\" data-element_type=\"column\">\n\t\t\t<div class=\"elementor-widget-wrap elementor-element-populated\">\n\t\t\t\t\t\t<div class=\"elementor-element elementor-element-4dbf8f3 elementor-widget__width-initial elementor-widget elementor-widget-heading\" data-id=\"4dbf8f3\" data-element_type=\"widget\" data-widget_type=\"heading.default\">\n\t\t\t\t<div class=\"elementor-widget-container\">\n\t\t\t\t\t<h1 class=\"elementor-heading-title elementor-size-default\">Istoric<\/h1>\t\t\t\t<\/div>\n\t\t\t\t<\/div>\n\t\t\t\t\t<\/div>\n\t\t<\/div>\n\t\t\t\t\t<\/div>\n\t\t<\/section>\n\t\t\t\t\t<\/div>\n\t\t<\/div>\n\t\t\t\t\t<\/div>\n\t\t<\/section>\n\t\t\t\t<section class=\"elementor-section elementor-top-section elementor-element elementor-element-6d982b6 elementor-section-boxed elementor-section-height-default elementor-section-height-default\" data-id=\"6d982b6\" data-element_type=\"section\">\n\t\t\t\t\t\t<div class=\"elementor-container elementor-column-gap-default\">\n\t\t\t\t\t<div class=\"elementor-column elementor-col-100 elementor-top-column elementor-element elementor-element-a0e210a top column-style-top\" data-id=\"a0e210a\" data-element_type=\"column\">\n\t\t\t<div class=\"elementor-widget-wrap elementor-element-populated\">\n\t\t\t\t\t\t<div class=\"elementor-element elementor-element-8b0d494 elementor-widget elementor-widget-text-editor\" data-id=\"8b0d494\" data-element_type=\"widget\" data-widget_type=\"text-editor.default\">\n\t\t\t\t<div class=\"elementor-widget-container\">\n\t\t\t\t\t\t\t\t\t<p><strong>1976<\/strong><br \/>Finalizarea studiului de fezabilitate Romano-Canadian pentru sistemul CANDU in Romania<\/p><p><strong>Decembrie 1978<\/strong><br \/>Incheierea contractelor intre ROMENERGO si AECL pentru preluarea licentei sistemului CANDU, proiectarea si procurarea echipamentelor specifice partii nucleare ale Unitatii 1<\/p><p><strong>Februarie 1981<\/strong><br \/>Incheierea contractelor companiei romanesti de profil de comert exterior din acea vreme ROMENERGO cu ANSALDO (Italia) si General Electric (SUA) pentru partea clasica a Unitatii 1<\/p><p><strong>1982<\/strong><br \/>Turnarea primului beton la cladirea reactorului Unitatii 1<\/p><p><strong>Decembrie 1985<\/strong><br \/>Sosirea pe amplasament si instalarea vasului reactor (Calandria) la Unitatea 1 CNE Cernavoda.<\/p><p><strong>1989<\/strong><br \/>Montarea canalelor de combustibil la Unitatea 1<\/p><p><strong>Decembrie 1989<\/strong><br \/>(Revolutia romana) \u2013 stadiul realizarii investitiei Unitatii 1 este de 45%<\/p><p><strong>Iulie 1990<\/strong><br \/>Prima misiune PRE-OSART la CNE Cernavoda a Agentiei Internationale de Energie Atomica-AIEA de la Viena<\/p><p><strong>August 1991<\/strong><br \/>Incheierea contractului de management de finalizare a Unitatii 1 cu Consortiul AECL-ANSALDO (AAC)<\/p><p><strong>Mai-iunie 1995<\/strong><br \/>Incarcarea cu combustibil nuclear a Unitatii 1<\/p><p><strong>16 aprilie 1996<\/strong><br \/>Prima criticitate a reactorului Unitatii 1<\/p><p><strong>11 iulie 1996<\/strong><br \/>Prima conectare la sistemul electroenergetic national a Unitatii 1 CNE Cernavoda<\/p><p><strong>2 decembrie 1996<\/strong><br \/>Intrarea in exploatare comerciala a Unitatii 1 CNE Cernavoda<\/p><p><strong>30 iunie 1997<\/strong><br \/>Transferul integral al responsabilitatilor conducerii si exploatarii Unitatii 1 de la AAC la personalul roman<\/p><p><strong>2 iulie 1998<\/strong><br \/>Infiintarea Societatii Nationale \u201cNuclearelectrica\u201d S.A. (Hg nr. 365\/1998; Mof nr. 246\/03.07.1998)<\/p><p><strong>18 mai 2001<\/strong><\/p><p>Semnarea contractului cu AECL Canada si Ansaldo Nucleare pentru Unitatea 2<\/p><p><strong>Decembrie 2002<\/strong><br \/>Februarie 2003 \u2013 Angajamentele de creditare canadiana, italiana, franceza si americana au fost semnate cu Societe Generale, Credit Lyonnais si Banca Romana de Dezvoltare.<\/p><p><strong>24 martie 2003<\/strong><br \/>Intrarea in vigoare a Contractului de Finalizare si Punere in Functiune a Unitatii 2 de la CNE Cernavoda, semnat de SNN, AECL si ANSALDO<\/p><p><strong>30 martie 2003<\/strong><br \/>Imprumutul EURATOM , aprobat de CE este supus eficientizarii prin implementarea unui pachet bine definit de imbunatatirii.<\/p><p><strong>21 Septembrie 2004<\/strong><br \/>Inceperea producerii de combustibil nuclear necesar primei incarcari a reactorului Unitatii 2<\/p><p><strong>15 Septembrie 2005<\/strong><br \/>Fasciculul de combustibil cu numarul 50 000<\/p><p><strong>Decembrie 2005<\/strong><br \/>S-a incheiat procesul de transfer a sistemelor Unitatii 2, cu un total de 154 sisteme transferate cu success echipei de punere in functiune.<\/p><p><strong>Iulie 2006<\/strong><br \/>Finalizarea testului de presiune a circuitului primar al reactorului Unitatii 2<\/p><p><strong>Septembrie 2006<\/strong><br \/>Incarcarea apei grele in circuitul moderator al Unitatii 2<\/p><p><strong>2 decembrie 2006<\/strong><br \/>Aniversarea a 10 ani de functionare a Unitatii 1 de la CNE Cernavoda<\/p><p><strong>15 februarie 2007<\/strong><br \/>Orele 01:29 introducerea primului fascicul de combustibil nuclear in zona activa a reactorului Unitatii 2 de la CNE Cernavoda<\/p><p><strong>22 februarie 2007<\/strong><br \/>Ora 1:30 a fost finalizata incarcarea reactorului cu combustibil nuclear.<\/p><p><strong>2 martie 2007<\/strong><br \/>Incarcarea apei grele in cicuitul de racire al reactorului<\/p><p><strong>6 mai 2007<\/strong><br \/>Ora 23:25 a avut loc initierea reactiei de fisiune in lant (criticitatea) la Unitatea 2<\/p><p><strong>7 august 2007<\/strong><br \/>Ora 17:21 s-a realizat primul paralel al Unitatii 2 cu sistemul energetic national, la 25% din puterea nominala de 700 MWe<\/p><p><strong>12 septembrie 2007<\/strong><br \/>Reactorul Unitatii 2 de la CNE Cernavoda a atins pentru prima data puterea nominala, in cadrul testelor de punere in functiune<\/p><p><strong>26 septembrie 2007<\/strong><br \/>Functionarea timp de 10 zile la putere nominala<\/p><p><strong>28 septembrie 2007<\/strong><br \/>Predarea managementului Unitatii 2 catre SN Nuclearelectrica SA<\/p><p><strong>5 octombrie 2007<\/strong><br \/>Inaugurarea oficiala a Unitatii 2<\/p><p><strong>2 iulie 2008<\/strong><\/p><p>Aniversarea a 10 ani de activitate, de la infiintarea SNN SA<\/p><p><strong>25 martie 2009<\/strong><\/p><p>Inregistrarea companiei de proiect SC EnergoNuclear SA, care va fi responsabila pentru construirea Unitatilor 3 si 4 de la CNE Cernavoda<\/p><p><strong>Noiembrie 2010<\/strong><\/p><p>Obtinerea avizului favorabil al Comisiei Europene pt proiectul Unitatilor 3&amp;4, in baza tratatului Euratom.<\/p><p><strong>29 noiembrie 2011<\/strong><\/p><p>15 ani de exploatare comerciala a Unitatii 1 de la centrala nuclearoelectrica Cernavoda<\/p><p><strong>Noiembrie 2013<\/strong><\/p><p>Listarea SNN pe Bursa de Valori Bucuresti<\/p><p><strong>9\u00a0Noiembrie 2015<\/strong><\/p><p>Semnarea Memorandumului de Intelegere privind dezvoltarea, construirea, operarea si dezafectarea Unitatilor 3 si 4 de la CNE Cernavoda cu compania China General Nuclear Power Corporation<\/p><p><strong>8 mai 2019<\/strong><\/p><p>Semnarea Acordului Investitorilor SNN-CGN in forma preliminara<\/p><p><strong>12 iunie 2020<\/strong><\/p><p>Aprobare in AGA SNN a incetarii negocierilor cu CGN<\/p><p><strong>21 septembrie 2020<\/strong><\/p><p>Incepand din 21.09.2020, SNN a fost inclusa in indicii furnizorului global de indici FTSE Russell in contextul trecerii pietei de capital din Romania de la statutul de Piata de Frontiera la statutul de Piata Emergenta Secundara.<\/p><p><strong>9 octombrie 2020<\/strong><\/p><p>Rom\u00e2nia \u0219i Statele Unite ale Americii au parafat un acord interguvernamental extins care permite cooperarea \u00een ceea ce prive\u0219te domenii de importan\u021b\u0103 pentru Rom\u00e2nia, cum ar fi proiectul Unit\u0103\u021bilor 3 \u0219i 4 ale Centralei Nuclearo-electrice de la Cernavod\u0103, retehnologizarea Unit\u0103\u021bii 1, precum \u0219i cooperare pe diverse paliere \u00een domeniul nuclear civil din Rom\u00e2nia.<\/p>\t\t\t\t\t\t\t\t<\/div>\n\t\t\t\t<\/div>\n\t\t\t\t\t<\/div>\n\t\t<\/div>\n\t\t\t\t\t<\/div>\n\t\t<\/section>\n\t\t\t\t<\/div>\n\t\t","protected":false},"excerpt":{"rendered":"<p>Istoric 1976Finalizarea studiului de fezabilitate Romano-Canadian pentru sistemul CANDU in Romania Decembrie 1978Incheierea contractelor intre ROMENERGO si AECL pentru preluarea licentei sistemului CANDU, proiectarea si procurarea echipamentelor specifice partii nucleare ale Unitatii 1 Februarie 1981Incheierea contractelor companiei romanesti de profil de comert exterior din acea vreme ROMENERGO cu ANSALDO (Italia) si General Electric (SUA) pentru [&hellip;]<\/p>\n","protected":false},"author":2,"featured_media":0,"parent":4004,"menu_order":0,"comment_status":"closed","ping_status":"closed","template":"","meta":{"footnotes":""},"class_list":["post-44090","page","type-page","status-publish","hentry"],"_links":{"self":[{"href":"https:\/\/nuclearelectrica.ro\/snn\/wp-json\/wp\/v2\/pages\/44090","targetHints":{"allow":["GET"]}}],"collection":[{"href":"https:\/\/nuclearelectrica.ro\/snn\/wp-json\/wp\/v2\/pages"}],"about":[{"href":"https:\/\/nuclearelectrica.ro\/snn\/wp-json\/wp\/v2\/types\/page"}],"author":[{"embeddable":true,"href":"https:\/\/nuclearelectrica.ro\/snn\/wp-json\/wp\/v2\/users\/2"}],"replies":[{"embeddable":true,"href":"https:\/\/nuclearelectrica.ro\/snn\/wp-json\/wp\/v2\/comments?post=44090"}],"version-history":[{"count":13,"href":"https:\/\/nuclearelectrica.ro\/snn\/wp-json\/wp\/v2\/pages\/44090\/revisions"}],"predecessor-version":[{"id":44127,"href":"https:\/\/nuclearelectrica.ro\/snn\/wp-json\/wp\/v2\/pages\/44090\/revisions\/44127"}],"up":[{"embeddable":true,"href":"https:\/\/nuclearelectrica.ro\/snn\/wp-json\/wp\/v2\/pages\/4004"}],"wp:attachment":[{"href":"https:\/\/nuclearelectrica.ro\/snn\/wp-json\/wp\/v2\/media?parent=44090"}],"curies":[{"name":"wp","href":"https:\/\/api.w.org\/{rel}","templated":true}]}}